{"id":1596,"date":"2018-11-05T23:56:46","date_gmt":"2018-11-05T22:56:46","guid":{"rendered":"http:\/\/www.usdivonne.com\/?page_id=1596"},"modified":"2019-11-07T18:30:12","modified_gmt":"2019-11-07T17:30:12","slug":"2000-2009","status":"publish","type":"page","link":"https:\/\/www.usdivonne.com\/index.php\/2000-2009\/","title":{"rendered":"2000 &#8211; 2009"},"content":{"rendered":"<h2 style=\"text-align: center;\">ANNEE 2000 &#8211; 2009<\/h2>\n<figure id=\"attachment_1601\" aria-describedby=\"caption-attachment-1601\" style=\"width: 4658px\" class=\"wp-caption aligncenter\"><img loading=\"lazy\" decoding=\"async\" class=\"wp-image-1601 size-full\" src=\"http:\/\/www.usdivonne.com\/wp-content\/uploads\/2018\/11\/USD-2001-1.jpg\" alt=\"\" width=\"4658\" height=\"2443\" srcset=\"https:\/\/www.usdivonne.com\/wp-content\/uploads\/2018\/11\/USD-2001-1.jpg 4658w, https:\/\/www.usdivonne.com\/wp-content\/uploads\/2018\/11\/USD-2001-1-300x157.jpg 300w, https:\/\/www.usdivonne.com\/wp-content\/uploads\/2018\/11\/USD-2001-1-768x403.jpg 768w, https:\/\/www.usdivonne.com\/wp-content\/uploads\/2018\/11\/USD-2001-1-1024x537.jpg 1024w\" sizes=\"auto, (max-width: 4658px) 100vw, 4658px\" \/><figcaption id=\"caption-attachment-1601\" class=\"wp-caption-text\">2001<\/figcaption><\/figure>\n<figure id=\"attachment_1602\" aria-describedby=\"caption-attachment-1602\" style=\"width: 4565px\" class=\"wp-caption aligncenter\"><img loading=\"lazy\" decoding=\"async\" class=\"wp-image-1602 size-full\" src=\"http:\/\/www.usdivonne.com\/wp-content\/uploads\/2018\/11\/USD-2001-2.jpg\" alt=\"\" width=\"4565\" height=\"3442\" srcset=\"https:\/\/www.usdivonne.com\/wp-content\/uploads\/2018\/11\/USD-2001-2.jpg 4565w, https:\/\/www.usdivonne.com\/wp-content\/uploads\/2018\/11\/USD-2001-2-300x226.jpg 300w, https:\/\/www.usdivonne.com\/wp-content\/uploads\/2018\/11\/USD-2001-2-768x579.jpg 768w, https:\/\/www.usdivonne.com\/wp-content\/uploads\/2018\/11\/USD-2001-2-1024x772.jpg 1024w\" sizes=\"auto, (max-width: 4565px) 100vw, 4565px\" \/><figcaption id=\"caption-attachment-1602\" class=\"wp-caption-text\">2001<\/figcaption><\/figure>\n<figure id=\"attachment_1603\" aria-describedby=\"caption-attachment-1603\" style=\"width: 5979px\" class=\"wp-caption aligncenter\"><img loading=\"lazy\" decoding=\"async\" class=\"wp-image-1603 size-full\" src=\"http:\/\/www.usdivonne.com\/wp-content\/uploads\/2018\/11\/USD-2002-MAI-Journ\u00e9e-des-d\u00e9butants-avec-Aim\u00e9-JACQUET.jpg\" alt=\"\" width=\"5979\" height=\"3698\" srcset=\"https:\/\/www.usdivonne.com\/wp-content\/uploads\/2018\/11\/USD-2002-MAI-Journ\u00e9e-des-d\u00e9butants-avec-Aim\u00e9-JACQUET.jpg 5979w, https:\/\/www.usdivonne.com\/wp-content\/uploads\/2018\/11\/USD-2002-MAI-Journ\u00e9e-des-d\u00e9butants-avec-Aim\u00e9-JACQUET-300x186.jpg 300w, https:\/\/www.usdivonne.com\/wp-content\/uploads\/2018\/11\/USD-2002-MAI-Journ\u00e9e-des-d\u00e9butants-avec-Aim\u00e9-JACQUET-768x475.jpg 768w, https:\/\/www.usdivonne.com\/wp-content\/uploads\/2018\/11\/USD-2002-MAI-Journ\u00e9e-des-d\u00e9butants-avec-Aim\u00e9-JACQUET-1024x633.jpg 1024w\" sizes=\"auto, (max-width: 5979px) 100vw, 5979px\" \/><figcaption id=\"caption-attachment-1603\" class=\"wp-caption-text\">2002 Mai &#8211; Journ\u00e9e des d\u00e9butants avec Aim\u00e9 JACQUET<\/figcaption><\/figure>\n<figure id=\"attachment_1604\" aria-describedby=\"caption-attachment-1604\" style=\"width: 2572px\" class=\"wp-caption aligncenter\"><img loading=\"lazy\" decoding=\"async\" class=\"wp-image-1604 size-full\" src=\"http:\/\/www.usdivonne.com\/wp-content\/uploads\/2018\/11\/USD-2003-BENJAMINS-A.jpg\" alt=\"\" width=\"2572\" height=\"1553\" srcset=\"https:\/\/www.usdivonne.com\/wp-content\/uploads\/2018\/11\/USD-2003-BENJAMINS-A.jpg 2572w, https:\/\/www.usdivonne.com\/wp-content\/uploads\/2018\/11\/USD-2003-BENJAMINS-A-300x181.jpg 300w, https:\/\/www.usdivonne.com\/wp-content\/uploads\/2018\/11\/USD-2003-BENJAMINS-A-768x464.jpg 768w, https:\/\/www.usdivonne.com\/wp-content\/uploads\/2018\/11\/USD-2003-BENJAMINS-A-1024x618.jpg 1024w\" sizes=\"auto, (max-width: 2572px) 100vw, 2572px\" \/><figcaption id=\"caption-attachment-1604\" class=\"wp-caption-text\">2003 BENJAMINS A<\/figcaption><\/figure>\n<figure id=\"attachment_1605\" aria-describedby=\"caption-attachment-1605\" style=\"width: 1830px\" class=\"wp-caption aligncenter\"><img loading=\"lazy\" decoding=\"async\" class=\"wp-image-1605 size-full\" src=\"http:\/\/www.usdivonne.com\/wp-content\/uploads\/2018\/11\/USD-2003-BENJAMINS-B.jpg\" alt=\"\" width=\"1830\" height=\"1552\" srcset=\"https:\/\/www.usdivonne.com\/wp-content\/uploads\/2018\/11\/USD-2003-BENJAMINS-B.jpg 1830w, https:\/\/www.usdivonne.com\/wp-content\/uploads\/2018\/11\/USD-2003-BENJAMINS-B-300x254.jpg 300w, https:\/\/www.usdivonne.com\/wp-content\/uploads\/2018\/11\/USD-2003-BENJAMINS-B-768x651.jpg 768w, https:\/\/www.usdivonne.com\/wp-content\/uploads\/2018\/11\/USD-2003-BENJAMINS-B-1024x868.jpg 1024w\" sizes=\"auto, (max-width: 1830px) 100vw, 1830px\" \/><figcaption id=\"caption-attachment-1605\" class=\"wp-caption-text\">2003 BENJAMINS B<\/figcaption><\/figure>\n<figure id=\"attachment_1606\" aria-describedby=\"caption-attachment-1606\" style=\"width: 2217px\" class=\"wp-caption aligncenter\"><img loading=\"lazy\" decoding=\"async\" class=\"wp-image-1606 size-full\" src=\"http:\/\/www.usdivonne.com\/wp-content\/uploads\/2018\/11\/USD-2003-BENJAMINS-C.jpg\" alt=\"\" width=\"2217\" height=\"1437\" srcset=\"https:\/\/www.usdivonne.com\/wp-content\/uploads\/2018\/11\/USD-2003-BENJAMINS-C.jpg 2217w, https:\/\/www.usdivonne.com\/wp-content\/uploads\/2018\/11\/USD-2003-BENJAMINS-C-300x194.jpg 300w, https:\/\/www.usdivonne.com\/wp-content\/uploads\/2018\/11\/USD-2003-BENJAMINS-C-768x498.jpg 768w, https:\/\/www.usdivonne.com\/wp-content\/uploads\/2018\/11\/USD-2003-BENJAMINS-C-1024x664.jpg 1024w\" sizes=\"auto, (max-width: 2217px) 100vw, 2217px\" \/><figcaption id=\"caption-attachment-1606\" class=\"wp-caption-text\">2003 BENJAMINS C<\/figcaption><\/figure>\n<figure id=\"attachment_1607\" aria-describedby=\"caption-attachment-1607\" style=\"width: 2162px\" class=\"wp-caption aligncenter\"><img loading=\"lazy\" decoding=\"async\" class=\"wp-image-1607 size-full\" src=\"http:\/\/www.usdivonne.com\/wp-content\/uploads\/2018\/11\/USD-2003-EDUCATEURS.jpg\" alt=\"\" width=\"2162\" height=\"1270\" srcset=\"https:\/\/www.usdivonne.com\/wp-content\/uploads\/2018\/11\/USD-2003-EDUCATEURS.jpg 2162w, https:\/\/www.usdivonne.com\/wp-content\/uploads\/2018\/11\/USD-2003-EDUCATEURS-300x176.jpg 300w, https:\/\/www.usdivonne.com\/wp-content\/uploads\/2018\/11\/USD-2003-EDUCATEURS-768x451.jpg 768w, https:\/\/www.usdivonne.com\/wp-content\/uploads\/2018\/11\/USD-2003-EDUCATEURS-1024x602.jpg 1024w\" sizes=\"auto, (max-width: 2162px) 100vw, 2162px\" \/><figcaption id=\"caption-attachment-1607\" class=\"wp-caption-text\">2003 EDUCATEURS<\/figcaption><\/figure>\n<figure id=\"attachment_1608\" aria-describedby=\"caption-attachment-1608\" style=\"width: 2259px\" class=\"wp-caption aligncenter\"><img loading=\"lazy\" decoding=\"async\" class=\"wp-image-1608 size-full\" src=\"http:\/\/www.usdivonne.com\/wp-content\/uploads\/2018\/11\/USD-2003-U13-A.jpg\" alt=\"\" width=\"2259\" height=\"1157\" srcset=\"https:\/\/www.usdivonne.com\/wp-content\/uploads\/2018\/11\/USD-2003-U13-A.jpg 2259w, https:\/\/www.usdivonne.com\/wp-content\/uploads\/2018\/11\/USD-2003-U13-A-300x154.jpg 300w, https:\/\/www.usdivonne.com\/wp-content\/uploads\/2018\/11\/USD-2003-U13-A-768x393.jpg 768w, https:\/\/www.usdivonne.com\/wp-content\/uploads\/2018\/11\/USD-2003-U13-A-1024x524.jpg 1024w\" sizes=\"auto, (max-width: 2259px) 100vw, 2259px\" \/><figcaption id=\"caption-attachment-1608\" class=\"wp-caption-text\">2003 U13 A<\/figcaption><\/figure>\n<figure id=\"attachment_1609\" aria-describedby=\"caption-attachment-1609\" style=\"width: 2159px\" class=\"wp-caption aligncenter\"><img loading=\"lazy\" decoding=\"async\" class=\"wp-image-1609 size-full\" src=\"http:\/\/www.usdivonne.com\/wp-content\/uploads\/2018\/11\/USD-2003-U13-B.jpg\" alt=\"\" width=\"2159\" height=\"1203\" srcset=\"https:\/\/www.usdivonne.com\/wp-content\/uploads\/2018\/11\/USD-2003-U13-B.jpg 2159w, https:\/\/www.usdivonne.com\/wp-content\/uploads\/2018\/11\/USD-2003-U13-B-300x167.jpg 300w, https:\/\/www.usdivonne.com\/wp-content\/uploads\/2018\/11\/USD-2003-U13-B-768x428.jpg 768w, https:\/\/www.usdivonne.com\/wp-content\/uploads\/2018\/11\/USD-2003-U13-B-1024x571.jpg 1024w\" sizes=\"auto, (max-width: 2159px) 100vw, 2159px\" \/><figcaption id=\"caption-attachment-1609\" class=\"wp-caption-text\">2003 U13 B<\/figcaption><\/figure>\n<figure id=\"attachment_3538\" aria-describedby=\"caption-attachment-3538\" style=\"width: 7015px\" class=\"wp-caption aligncenter\"><img loading=\"lazy\" decoding=\"async\" class=\"wp-image-3538 size-full\" src=\"http:\/\/www.usdivonne.com\/wp-content\/uploads\/2019\/11\/USD-2007-US-DIVONNE-POUSSINS.jpg\" alt=\"\" width=\"7015\" height=\"4960\" srcset=\"https:\/\/www.usdivonne.com\/wp-content\/uploads\/2019\/11\/USD-2007-US-DIVONNE-POUSSINS.jpg 7015w, https:\/\/www.usdivonne.com\/wp-content\/uploads\/2019\/11\/USD-2007-US-DIVONNE-POUSSINS-300x212.jpg 300w, https:\/\/www.usdivonne.com\/wp-content\/uploads\/2019\/11\/USD-2007-US-DIVONNE-POUSSINS-768x543.jpg 768w, https:\/\/www.usdivonne.com\/wp-content\/uploads\/2019\/11\/USD-2007-US-DIVONNE-POUSSINS-1024x724.jpg 1024w\" sizes=\"auto, (max-width: 7015px) 100vw, 7015px\" \/><figcaption id=\"caption-attachment-3538\" class=\"wp-caption-text\">2007 &#8211; POUSSINS Tournoi Bernex Confignon<\/figcaption><\/figure>\n<figure id=\"attachment_3536\" aria-describedby=\"caption-attachment-3536\" style=\"width: 4288px\" class=\"wp-caption aligncenter\"><img loading=\"lazy\" decoding=\"async\" class=\"wp-image-3536 size-full\" src=\"http:\/\/www.usdivonne.com\/wp-content\/uploads\/2019\/11\/USD-2008-US-DIVONNE-Tournoi-Gland.jpg\" alt=\"\" width=\"4288\" height=\"2857\" srcset=\"https:\/\/www.usdivonne.com\/wp-content\/uploads\/2019\/11\/USD-2008-US-DIVONNE-Tournoi-Gland.jpg 4288w, https:\/\/www.usdivonne.com\/wp-content\/uploads\/2019\/11\/USD-2008-US-DIVONNE-Tournoi-Gland-300x200.jpg 300w, https:\/\/www.usdivonne.com\/wp-content\/uploads\/2019\/11\/USD-2008-US-DIVONNE-Tournoi-Gland-768x512.jpg 768w, https:\/\/www.usdivonne.com\/wp-content\/uploads\/2019\/11\/USD-2008-US-DIVONNE-Tournoi-Gland-1024x682.jpg 1024w\" sizes=\"auto, (max-width: 4288px) 100vw, 4288px\" \/><figcaption id=\"caption-attachment-3536\" class=\"wp-caption-text\">2008 &#8211; Tournoi de Gland (CH) 23 \u00ac 24\/02\/2008<\/figcaption><\/figure>\n<figure id=\"attachment_1610\" aria-describedby=\"caption-attachment-1610\" style=\"width: 5332px\" class=\"wp-caption aligncenter\"><img loading=\"lazy\" decoding=\"async\" class=\"wp-image-1610 size-full\" src=\"http:\/\/www.usdivonne.com\/wp-content\/uploads\/2018\/11\/USD-2009-1.jpg\" alt=\"\" width=\"5332\" height=\"3493\" srcset=\"https:\/\/www.usdivonne.com\/wp-content\/uploads\/2018\/11\/USD-2009-1.jpg 5332w, https:\/\/www.usdivonne.com\/wp-content\/uploads\/2018\/11\/USD-2009-1-300x197.jpg 300w, https:\/\/www.usdivonne.com\/wp-content\/uploads\/2018\/11\/USD-2009-1-768x503.jpg 768w, https:\/\/www.usdivonne.com\/wp-content\/uploads\/2018\/11\/USD-2009-1-1024x671.jpg 1024w\" sizes=\"auto, (max-width: 5332px) 100vw, 5332px\" \/><figcaption id=\"caption-attachment-1610\" class=\"wp-caption-text\">2009 BENJAMINS<\/figcaption><\/figure>\n<figure id=\"attachment_1611\" aria-describedby=\"caption-attachment-1611\" style=\"width: 4242px\" class=\"wp-caption aligncenter\"><img loading=\"lazy\" decoding=\"async\" class=\"wp-image-1611 size-full\" src=\"http:\/\/www.usdivonne.com\/wp-content\/uploads\/2018\/11\/USD-2009-2.jpg\" alt=\"\" width=\"4242\" height=\"2808\" srcset=\"https:\/\/www.usdivonne.com\/wp-content\/uploads\/2018\/11\/USD-2009-2.jpg 4242w, https:\/\/www.usdivonne.com\/wp-content\/uploads\/2018\/11\/USD-2009-2-300x199.jpg 300w, https:\/\/www.usdivonne.com\/wp-content\/uploads\/2018\/11\/USD-2009-2-768x508.jpg 768w, https:\/\/www.usdivonne.com\/wp-content\/uploads\/2018\/11\/USD-2009-2-1024x678.jpg 1024w\" sizes=\"auto, (max-width: 4242px) 100vw, 4242px\" \/><figcaption id=\"caption-attachment-1611\" class=\"wp-caption-text\">2009<\/figcaption><\/figure>\n<figure id=\"attachment_1612\" aria-describedby=\"caption-attachment-1612\" style=\"width: 3611px\" class=\"wp-caption aligncenter\"><img loading=\"lazy\" decoding=\"async\" class=\"wp-image-1612 size-full\" src=\"http:\/\/www.usdivonne.com\/wp-content\/uploads\/2018\/11\/USD-2009-BENJAMINS.jpg\" alt=\"\" width=\"3611\" height=\"1819\" srcset=\"https:\/\/www.usdivonne.com\/wp-content\/uploads\/2018\/11\/USD-2009-BENJAMINS.jpg 3611w, https:\/\/www.usdivonne.com\/wp-content\/uploads\/2018\/11\/USD-2009-BENJAMINS-300x151.jpg 300w, https:\/\/www.usdivonne.com\/wp-content\/uploads\/2018\/11\/USD-2009-BENJAMINS-768x387.jpg 768w, https:\/\/www.usdivonne.com\/wp-content\/uploads\/2018\/11\/USD-2009-BENJAMINS-1024x516.jpg 1024w\" sizes=\"auto, (max-width: 3611px) 100vw, 3611px\" \/><figcaption id=\"caption-attachment-1612\" class=\"wp-caption-text\">2009 BENJAMINS<\/figcaption><\/figure>\n<figure id=\"attachment_1613\" aria-describedby=\"caption-attachment-1613\" style=\"width: 2896px\" class=\"wp-caption aligncenter\"><img loading=\"lazy\" decoding=\"async\" class=\"wp-image-1613 size-full\" src=\"http:\/\/www.usdivonne.com\/wp-content\/uploads\/2018\/11\/USD-2009-DEBUTANTS.jpg\" alt=\"\" width=\"2896\" height=\"1790\" srcset=\"https:\/\/www.usdivonne.com\/wp-content\/uploads\/2018\/11\/USD-2009-DEBUTANTS.jpg 2896w, https:\/\/www.usdivonne.com\/wp-content\/uploads\/2018\/11\/USD-2009-DEBUTANTS-300x185.jpg 300w, https:\/\/www.usdivonne.com\/wp-content\/uploads\/2018\/11\/USD-2009-DEBUTANTS-768x475.jpg 768w, https:\/\/www.usdivonne.com\/wp-content\/uploads\/2018\/11\/USD-2009-DEBUTANTS-1024x633.jpg 1024w\" sizes=\"auto, (max-width: 2896px) 100vw, 2896px\" \/><figcaption id=\"caption-attachment-1613\" class=\"wp-caption-text\">2009 DEBUTANTS<\/figcaption><\/figure>\n<figure id=\"attachment_1614\" aria-describedby=\"caption-attachment-1614\" style=\"width: 2791px\" class=\"wp-caption aligncenter\"><img loading=\"lazy\" decoding=\"async\" class=\"wp-image-1614 size-full\" src=\"http:\/\/www.usdivonne.com\/wp-content\/uploads\/2018\/11\/USD-2009-POUSSINS.jpg\" alt=\"\" width=\"2791\" height=\"1641\" srcset=\"https:\/\/www.usdivonne.com\/wp-content\/uploads\/2018\/11\/USD-2009-POUSSINS.jpg 2791w, https:\/\/www.usdivonne.com\/wp-content\/uploads\/2018\/11\/USD-2009-POUSSINS-300x176.jpg 300w, https:\/\/www.usdivonne.com\/wp-content\/uploads\/2018\/11\/USD-2009-POUSSINS-768x452.jpg 768w, https:\/\/www.usdivonne.com\/wp-content\/uploads\/2018\/11\/USD-2009-POUSSINS-1024x602.jpg 1024w\" sizes=\"auto, (max-width: 2791px) 100vw, 2791px\" \/><figcaption id=\"caption-attachment-1614\" class=\"wp-caption-text\">2009 POUSSINS<\/figcaption><\/figure>\n","protected":false},"excerpt":{"rendered":"<p>ANNEE 2000 &#8211; 2009<\/p>\n","protected":false},"author":33,"featured_media":0,"parent":0,"menu_order":0,"comment_status":"closed","ping_status":"closed","template":"","meta":{"footnotes":""},"class_list":["post-1596","page","type-page","status-publish","hentry"],"_links":{"self":[{"href":"https:\/\/www.usdivonne.com\/index.php\/wp-json\/wp\/v2\/pages\/1596","targetHints":{"allow":["GET"]}}],"collection":[{"href":"https:\/\/www.usdivonne.com\/index.php\/wp-json\/wp\/v2\/pages"}],"about":[{"href":"https:\/\/www.usdivonne.com\/index.php\/wp-json\/wp\/v2\/types\/page"}],"author":[{"embeddable":true,"href":"https:\/\/www.usdivonne.com\/index.php\/wp-json\/wp\/v2\/users\/33"}],"replies":[{"embeddable":true,"href":"https:\/\/www.usdivonne.com\/index.php\/wp-json\/wp\/v2\/comments?post=1596"}],"version-history":[{"count":8,"href":"https:\/\/www.usdivonne.com\/index.php\/wp-json\/wp\/v2\/pages\/1596\/revisions"}],"predecessor-version":[{"id":3539,"href":"https:\/\/www.usdivonne.com\/index.php\/wp-json\/wp\/v2\/pages\/1596\/revisions\/3539"}],"wp:attachment":[{"href":"https:\/\/www.usdivonne.com\/index.php\/wp-json\/wp\/v2\/media?parent=1596"}],"curies":[{"name":"wp","href":"https:\/\/api.w.org\/{rel}","templated":true}]}}