{"id":37,"date":"2017-06-26T11:55:35","date_gmt":"2017-06-26T09:55:35","guid":{"rendered":"http:\/\/www.usdivonne.com\/?page_id=37"},"modified":"2017-12-01T12:02:55","modified_gmt":"2017-12-01T11:02:55","slug":"accueil","status":"publish","type":"page","link":"https:\/\/www.usdivonne.com\/index.php\/accueil\/","title":{"rendered":"Accueil"},"content":{"rendered":"<h6>Bienvenue sur\u00a0le site de l&rsquo;Union Sportive Divonnaise<\/h6>\n<p>L&rsquo;Union Sportive Divonnaise \u00e9tait, \u00e0\u00a0 ses d\u00e9buts, une association \u00ab\u00a0multisports\u00a0\u00bb, comprenant la gymnastique, le tir, les boules et le football. Elle s&rsquo;affilia \u00e0\u00a0 la F\u00e9d\u00e9ration Fran\u00e7aise de Football en 1922. Les statuts de l&rsquo;\u00e9poque indiquaient que l&rsquo;association a pour but, par la pratique des exercices physiques, et notamment du Football Association, de pr\u00e9parer au pays des hommes robustes et de cr\u00e9er entre tous ses membres des liens d&rsquo;amiti\u00e9 et de bonne camaraderie\u00a0\u00bb !! Avant la guerre de 1939-1945, l&rsquo;USD appartenait au District Ain-Jura et disputait le championnat du Groupement Gessien, et les rencontres de finales et de coupes obligeaient les Divonnais \u00e0\u00a0 se d\u00e9placer fort loin. A domicile, ils \u00e9voluaient sur un terrain situ\u00e9 \u00e0\u00a0 l&#8217;emplacement de l&rsquo;actuel jardin public, pr\u00e8s de la gare.Puis, apr\u00e8s le conflit, l&rsquo;USD, comme d&rsquo;autres clubs du Pays de Gex, afin d&rsquo;\u00e9viter de lointains d\u00e9placements, demanda son rattachement \u00e0\u00a0 la F\u00e9d\u00e9ration Suisse de Football, au sein de laquelle elle \u00e9voluera jusqu&rsquo;en 1954. Les matchs se jouaient alors \u00ab\u00a0en Champagne\u00a0\u00bb sur le stade actuel, ceint d&rsquo;une piste d&rsquo;athl\u00e9tisme, mais \u00e0\u00a0 l&rsquo;\u00e9poque perdu au milieu des champs. Cette ann\u00e9e-l\u00e0\u00a0, la Coupe du Monde se disputait en Suisse, et l&rsquo;\u00e9quipe de France avait choisi Divonne-les-bains comme camp de vill\u00e9giature et d&rsquo;entrainement. Le Pr\u00e9sident de la F.F.F en a profit\u00e9 pour essayer de faire revenir les clubs du Pays de Gex dans le giron de la F.F.F. Les Pr\u00e9sidents des soci\u00e9t\u00e9s concern\u00e9es, sous la houlette du Dr Corcelle de Thoiry, ont accept\u00e9 apr\u00e8s bien des discussions, mais \u00e0\u00a0 la condition expresse que le Pays de Gex soit rattach\u00e9 au District de Haute-Savoie et non \u00e0\u00a0 celui de l&rsquo;Ain, pour \u00e9viter de longs trajets, alors que le r\u00e8glement exige que les Districts correspondent aux d\u00e9partements. La F.F.F a ent\u00e9rin\u00e9 ce souhait, et cette situation incongrue, une des seules en France, dure toujours.Depuis cette p\u00e9riode l&rsquo;USD a suivi une \u00e9volution r\u00e9guli\u00e8re, surtout depuis les saisons 1964-1965 qui virent l&rsquo;\u00e9quipe fanion arriver en Excellence de District, puis acc\u00e9der enfin aux championnats de Ligue, niveau ou elle \u00e9volue actuellement, Promotion d&rsquo;Honneur R\u00e9gional pour les seniors et Promotion de Ligue pour les joueurs de la cat\u00e9gorie &#8211; de 13 ans. Parall\u00e8lement \u00e0\u00a0 l&rsquo;\u00e9volution du football seniors, le club, dans les ann\u00e9es 1980, sous l&rsquo;impulsion de son Pr\u00e9sident Henri GROS-PIRON, aid\u00e9 par Joseph SAULTIER, premier Pr\u00e9sident de la section jeunes, a suivi le mouvement jeune mis en place par le District. D\u00e8s la cr\u00e9ation des comp\u00e9titions jeunes, l&rsquo;USD s&rsquo;est toujours efforc\u00e9e d&rsquo;aligner une \u00e9quipe dans chaque cat\u00e9gorie , puis plusieurs \u00e9quipes Poussins et Benjamins, pour arriver \u00e0\u00a0 la situation actuelle qui voit l&rsquo;USD pr\u00e9senter r\u00e9guli\u00e8rement dix formations de jeunes en comp\u00e9tition, des Poussins aux &#8211; de 13 ans sans oublier les joueurs divonnais des cat\u00e9gories &#8211; de 15 ans et &#8211; de 18 ans qui \u00e9voluent au sein de Pays de Gex Foot, club cr\u00e9e r\u00e9cemment et qui appartient pour un tiers \u00e0\u00a0 Cessy-Gex, St-Genis-Ferney-Crozet et Divonne. La Soci\u00e9t\u00e9, et c&rsquo;est assez remarquable, n&rsquo;a \u00e9t\u00e9 dirig\u00e9e depuis la guerre que par seulement\u00a07 Pr\u00e9sidents successifs : Messieurs Emile MARTIN, Henri GROS-PIRON, Philippe ROCHAT, Claude BENOIT-GONNIN, Paul PERELLI, Jean Luc BONIFAY, Fabrice CATEEUW et depuis la saison 2017 Jean-Fran\u00e7ois PONCET.<\/p>\n","protected":false},"excerpt":{"rendered":"<p>Bienvenue sur\u00a0le site de l&rsquo;Union Sportive Divonnaise L&rsquo;Union Sportive Divonnaise \u00e9tait, \u00e0\u00a0 ses d\u00e9buts, une association \u00ab\u00a0multisports\u00a0\u00bb, comprenant la gymnastique, le tir, les boules et le football. Elle s&rsquo;affilia \u00e0\u00a0 la F\u00e9d\u00e9ration Fran\u00e7aise de Football en 1922. Les statuts de l&rsquo;\u00e9poque indiquaient que l&rsquo;association a pour but, par la pratique des exercices physiques, et notamment [&hellip;]<\/p>\n","protected":false},"author":1,"featured_media":0,"parent":0,"menu_order":0,"comment_status":"closed","ping_status":"closed","template":"","meta":{"footnotes":""},"class_list":["post-37","page","type-page","status-publish","hentry"],"_links":{"self":[{"href":"https:\/\/www.usdivonne.com\/index.php\/wp-json\/wp\/v2\/pages\/37","targetHints":{"allow":["GET"]}}],"collection":[{"href":"https:\/\/www.usdivonne.com\/index.php\/wp-json\/wp\/v2\/pages"}],"about":[{"href":"https:\/\/www.usdivonne.com\/index.php\/wp-json\/wp\/v2\/types\/page"}],"author":[{"embeddable":true,"href":"https:\/\/www.usdivonne.com\/index.php\/wp-json\/wp\/v2\/users\/1"}],"replies":[{"embeddable":true,"href":"https:\/\/www.usdivonne.com\/index.php\/wp-json\/wp\/v2\/comments?post=37"}],"version-history":[{"count":11,"href":"https:\/\/www.usdivonne.com\/index.php\/wp-json\/wp\/v2\/pages\/37\/revisions"}],"predecessor-version":[{"id":515,"href":"https:\/\/www.usdivonne.com\/index.php\/wp-json\/wp\/v2\/pages\/37\/revisions\/515"}],"wp:attachment":[{"href":"https:\/\/www.usdivonne.com\/index.php\/wp-json\/wp\/v2\/media?parent=37"}],"curies":[{"name":"wp","href":"https:\/\/api.w.org\/{rel}","templated":true}]}}