{"id":470,"date":"2017-10-13T12:01:03","date_gmt":"2017-10-13T10:01:03","guid":{"rendered":"http:\/\/www.usdivonne.com\/?page_id=470"},"modified":"2018-07-06T12:42:45","modified_gmt":"2018-07-06T10:42:45","slug":"les-terrains","status":"publish","type":"page","link":"https:\/\/www.usdivonne.com\/index.php\/la-vie-du-club\/les-terrains\/","title":{"rendered":"Les infrastructures"},"content":{"rendered":"<p><strong>Le Complexe Sportif de Divonne-les-Bains comprend :<\/strong><\/p>\n<ul>\n<li>1 terrain d&rsquo;honneur homologu\u00e9 en cat\u00e9gorie 4<\/li>\n<li>1 terrain synth\u00e9tique, \u00e9clair\u00e9, homologu\u00e9 en cat\u00e9gorie 5SYE<\/li>\n<li>2 terrains d&rsquo;entrainement, \u00e9clair\u00e9s, homologu\u00e9s en cat\u00e9gorie Foot \u00e0 11<\/li>\n<li>1\u00a0anneau d&rsquo;athl\u00e9tisme de 400m<\/li>\n<li>1 sautoir<\/li>\n<li>1 bac de r\u00e9ception pour le poids<\/li>\n<li>6\u00a0vestiaires<\/li>\n<li>1 club-house<\/li>\n<\/ul>\n<p><strong>Terrain synth\u00e9tique<\/strong><\/p>\n<p><img loading=\"lazy\" decoding=\"async\" src=\"http:\/\/www.divonnelesbains.fr\/images\/terrain_synthetique_.jpg\" alt=\"Terrain synth\u00e9tique\" width=\"448\" height=\"299\" \/><\/p>\n<p>&nbsp;<\/p>\n<p><strong>Terrain annexe<\/strong><\/p>\n<p><img loading=\"lazy\" decoding=\"async\" src=\"http:\/\/www.divonnelesbains.fr\/images\/terrain_annexe_.jpg\" alt=\"Terrain annexe\" width=\"448\" height=\"280\" \/><\/p>\n","protected":false},"excerpt":{"rendered":"<p>Le Complexe Sportif de Divonne-les-Bains comprend : 1 terrain d&rsquo;honneur homologu\u00e9 en cat\u00e9gorie 4 1 terrain synth\u00e9tique, \u00e9clair\u00e9, homologu\u00e9 en cat\u00e9gorie 5SYE 2 terrains d&rsquo;entrainement, \u00e9clair\u00e9s, homologu\u00e9s en cat\u00e9gorie Foot \u00e0 11 1\u00a0anneau d&rsquo;athl\u00e9tisme de 400m 1 sautoir 1 bac de r\u00e9ception pour le poids 6\u00a0vestiaires 1 club-house Terrain synth\u00e9tique &nbsp; Terrain annexe<\/p>\n","protected":false},"author":1,"featured_media":0,"parent":310,"menu_order":0,"comment_status":"closed","ping_status":"closed","template":"","meta":{"footnotes":""},"class_list":["post-470","page","type-page","status-publish","hentry"],"_links":{"self":[{"href":"https:\/\/www.usdivonne.com\/index.php\/wp-json\/wp\/v2\/pages\/470","targetHints":{"allow":["GET"]}}],"collection":[{"href":"https:\/\/www.usdivonne.com\/index.php\/wp-json\/wp\/v2\/pages"}],"about":[{"href":"https:\/\/www.usdivonne.com\/index.php\/wp-json\/wp\/v2\/types\/page"}],"author":[{"embeddable":true,"href":"https:\/\/www.usdivonne.com\/index.php\/wp-json\/wp\/v2\/users\/1"}],"replies":[{"embeddable":true,"href":"https:\/\/www.usdivonne.com\/index.php\/wp-json\/wp\/v2\/comments?post=470"}],"version-history":[{"count":7,"href":"https:\/\/www.usdivonne.com\/index.php\/wp-json\/wp\/v2\/pages\/470\/revisions"}],"predecessor-version":[{"id":1004,"href":"https:\/\/www.usdivonne.com\/index.php\/wp-json\/wp\/v2\/pages\/470\/revisions\/1004"}],"up":[{"embeddable":true,"href":"https:\/\/www.usdivonne.com\/index.php\/wp-json\/wp\/v2\/pages\/310"}],"wp:attachment":[{"href":"https:\/\/www.usdivonne.com\/index.php\/wp-json\/wp\/v2\/media?parent=470"}],"curies":[{"name":"wp","href":"https:\/\/api.w.org\/{rel}","templated":true}]}}